{"id":3253,"date":"2020-05-20T14:50:04","date_gmt":"2020-05-20T14:50:04","guid":{"rendered":"http:\/\/komsa.com.ar\/tienda\/producto\/sin%20categor\u00eda\/ricoh-sp-3710sf-copy\/"},"modified":"2025-04-07T09:55:07","modified_gmt":"2025-04-07T12:55:07","slug":"ricoh-mp-2555sp","status":"publish","type":"product","link":"https:\/\/komsa.com.ar\/tienda\/producto\/ricoh-mp-2555sp\/","title":{"rendered":"RICOH MP 2555SP"},"content":{"rendered":"<div class=\"wpb-content-wrapper\"><p>[vc_row][vc_column][vc_custom_heading text=\u00bbMULTIFUNCION LASER RICOH MP 2555SP (BLANCO Y NEGRO)\u00bb font_container=\u00bbtag:h3|text_align:left|color:%233691ad\u00bb use_theme_fonts=\u00bbyes\u00bb el_class=\u00bbsemibold\u00bb][vc_column_text]<\/p>\n<h4><strong>ENCUENTRA VALOR EN TU TRABAJO COTIDIANO<\/strong><\/h4>\n<p>Comparte f\u00e1cilmente informaci\u00f3n en el lugar de trabajo con la Serie de fotocopiadoras\u00a0<a href=\"https:\/\/www.komsa.com.ar\/profile\/mp-serie-2555sp-ricoh\/\">RICOH MP 2555sp<\/a>. Imprime y fotocopia en blanco y negro hasta 25\/30\/35 p\u00e1ginas por minuto (ppm) con una resoluci\u00f3n de hasta 1200 dpi. Escanea originales impresos y env\u00edalos al instante a cualquier ubicaci\u00f3n con muchas opciones de Escaneo a. Selecciona entre m\u00faltiples fuentes de papel est\u00e1ndar y opcionales e imprime en una amplia gama de tama\u00f1os, tipos y pesos de papel.<\/p>\n<h4><strong>PLANIFICA UN MEJOR ESCANEO<\/strong><\/h4>\n<p>Coloca hasta 100 originales en blanco y negro o a todo color en el alimentador de documentos con reversi\u00f3n autom\u00e1tica (ARDF) para el escaneo r\u00e1pido y asequible de hasta 80 im\u00e1genes por minuto (ipm). Con la versi\u00f3n con alimentador de documentos de un solo paso (SPDF), puedes escanear ambas caras de un documento de una sola vez para agilizar significativamente las tareas de escaneo, con una producci\u00f3n de hasta 180 ipm.<\/p>\n<h4><strong>ACOST\u00daMBRATE A LA PRODUCTIVIDAD<\/strong><\/h4>\n<p>Dise\u00f1ada con tecnolog\u00eda de innovaci\u00f3n en el estilo de trabajo, las\u00a0<a href=\"https:\/\/www.komsa.com.ar\/profile\/mp-serie-2555sp-ricoh\/\">RICOH Serie\u00a0<strong>MP 2555SP<\/strong><\/a>\u00a0te permite controlar tareas cotidianas en un panel de operaci\u00f3n inteligente grande de 10.1\u2033. Con la precisi\u00f3n de una pantalla t\u00e1ctil, puedes aprovechar nuevos flujos de trabajo, encontrar informaci\u00f3n importante y cambiar configuraciones al instante con opciones de interfaces de usuario intuitivas.<\/p>\n<h4><strong>NO DUDES EN TRABAJAR EN DONDE QUIERAS<\/strong><\/h4>\n<p>Lev\u00e1ntate, mu\u00e9vete \u2014 y mant\u00e9n la productividad. Desde tu smartphone o tablet, Descargue la aplicaci\u00f3n\u00a0<a href=\"http:\/\/www.ricoh.com\/software\/connector\/\" rel=\"noopener\">RICOH Smart Device Connector<\/a>\u00a0y\u00a0<a href=\"http:\/\/www.ricoh.com\/software\/printandscan\/\" rel=\"noopener\">RICOH Smart Device Print&amp;Scan<\/a>\u00a0y conecta su Fotocopiadora\u00a0<a href=\"https:\/\/www.komsa.com.ar\/profile\/mp-serie-2555sp-ricoh\/\">RICOH MP 2555SP<\/a><\/p>\n<h4><strong>AHORRA RECURSOS F\u00c1CILMENTE<\/strong><\/h4>\n<p>La Serie de Fotocopiadoras\u00a0<a href=\"https:\/\/www.komsa.com.ar\/profile\/mp-serie-2555sp-ricoh\/\">RICOH MP 2555sp<\/a>\u00a0tiene certificaci\u00f3n ENERGY STAR<sup>\u00ae<\/sup>, cumple con los criterios EPEAT<sup>\u00ae<\/sup>\u00a0Gold y ofrece un valor de consumo el\u00e9ctrico t\u00edpico de 0.9 Kwh por semana. Protege el medioambiente con la impresi\u00f3n d\u00faplex predeterminada y el apagado programado de la impresora cuando la oficina est\u00e1 vac\u00eda.[\/vc_column_text][\/vc_column][\/vc_row][vc_row css=\u00bb.vc_custom_1513651159719{margin-top: 20px !important;margin-bottom: 20px !important;}\u00bb][vc_column]<div class=\"mf-single-image align-center \"><span class=\"thumbnail\" ><img loading=\"lazy\" decoding=\"async\" src=\"https:\/\/komsa.com.ar\/tienda\/wp-content\/themes\/martfury\/images\/transparent.png\" data-original=\"https:\/\/komsa.com.ar\/tienda\/wp-content\/uploads\/2020\/05\/banner-mp4055.jpg\"  alt=\"\" class=\"lazy \" width=\"1366\" height=\"624\"><\/span><\/div>[\/vc_column][\/vc_row][vc_row][vc_column][vc_column_text]<\/p>\n<hr \/>\n<p><strong><a href=\"https:\/\/www.komsa.com.ar\/\">KOMSA<\/a>\u00a0<\/strong><\/p>\n<hr \/>\n<p>Somos los \u00fanicos Distribuidores Oficiales de la marca\u00a0<a href=\"https:\/\/www.ricoh-americalatina.com\/es-ar\/productos\" rel=\"noopener\">RICOH<\/a>\u00a0y\u00a0<a href=\"https:\/\/epson.com.ar\/workforce-pro\" rel=\"noopener\">EPSON B2B<\/a>\u00a0en el NEA con m\u00e1s de 25 a\u00f1os de permanencia en el mercado. Contamos con stock de insumos y repuestos originales. Lo invitamos a visitar nuestro amplio showroom con todos los equipos publicados exhibidos. Nuestro personal t\u00e9cnico, altamente capacitado le brindar\u00e1 el mejor servicio post venta.[\/vc_column_text][\/vc_column][\/vc_row]<\/p>\n<\/div>","protected":false},"excerpt":{"rendered":"<ul>\n<li class=\"lead\"><strong>Velocidad:<\/strong> 25 p\u00e1ginas por minuto<\/li>\n<li class=\"lead\"><strong>Ciclo Mensual:<\/strong> 15.000 p\u00e1ginas mensuales<\/li>\n<li class=\"lead\"><strong>D\u00faplex\u00a0<\/strong><b>Autom\u00e1tico<\/b>\u00a0(doble faz)<\/li>\n<li class=\"lead\"><strong>Tama\u00f1o de Papel:<\/strong> A3, A4, oficio y legal<\/li>\n<li><strong>Gramaje de Papel: <\/strong>Hasta 52 \u2013 300 g\/m\u00b2<\/li>\n<li class=\"lead\"><strong>Impresi\u00f3n desde tu celular<\/strong><\/li>\n<\/ul>\n","protected":false},"featured_media":3257,"comment_status":"open","ping_status":"closed","template":"","meta":{"_joinchat":[]},"product_cat":[15,210],"product_tag":[333,334,332,335,336,331],"class_list":{"0":"post-3253","1":"product","2":"type-product","3":"status-publish","4":"has-post-thumbnail","6":"product_brand-ricoh","7":"product_cat-fotocopiadoras","8":"product_cat-fotocopiadoras-blanco-negro","9":"product_tag-a3","10":"product_tag-a4","11":"product_tag-fotocopiadora-ricoh","12":"product_tag-multifuncion-a4","13":"product_tag-oficio","14":"product_tag-ricoh","15":"product_shipping_class-envio-gratis","17":"first","18":"outofstock","19":"shipping-taxable","20":"purchasable","21":"product-type-simple","22":"col-xs-6 col-sm-4","23":"col-md-3 col-lg-3","24":"un-4-cols"},"_links":{"self":[{"href":"https:\/\/komsa.com.ar\/tienda\/wp-json\/wp\/v2\/product\/3253","targetHints":{"allow":["GET"]}}],"collection":[{"href":"https:\/\/komsa.com.ar\/tienda\/wp-json\/wp\/v2\/product"}],"about":[{"href":"https:\/\/komsa.com.ar\/tienda\/wp-json\/wp\/v2\/types\/product"}],"replies":[{"embeddable":true,"href":"https:\/\/komsa.com.ar\/tienda\/wp-json\/wp\/v2\/comments?post=3253"}],"wp:featuredmedia":[{"embeddable":true,"href":"https:\/\/komsa.com.ar\/tienda\/wp-json\/wp\/v2\/media\/3257"}],"wp:attachment":[{"href":"https:\/\/komsa.com.ar\/tienda\/wp-json\/wp\/v2\/media?parent=3253"}],"wp:term":[{"taxonomy":"product_cat","embeddable":true,"href":"https:\/\/komsa.com.ar\/tienda\/wp-json\/wp\/v2\/product_cat?post=3253"},{"taxonomy":"product_tag","embeddable":true,"href":"https:\/\/komsa.com.ar\/tienda\/wp-json\/wp\/v2\/product_tag?post=3253"}],"curies":[{"name":"wp","href":"https:\/\/api.w.org\/{rel}","templated":true}]}}