{"id":3004,"date":"2020-05-11T15:13:06","date_gmt":"2020-05-11T15:13:06","guid":{"rendered":"http:\/\/komsa.com.ar\/tienda\/producto\/sin%20categor\u00eda\/espiradasa-pro-copy\/"},"modified":"2025-02-21T11:58:54","modified_gmt":"2025-02-21T14:58:54","slug":"espirales-12mm-pvc","status":"publish","type":"product","link":"https:\/\/komsa.com.ar\/tienda\/producto\/espirales-12mm-pvc\/","title":{"rendered":"Espirales 12mm PVC"},"content":{"rendered":"<div class=\"wpb-content-wrapper\"><p>[vc_row][vc_column][vc_custom_heading text=\u00bbESPECIFICACIONES TECNICAS\u00bb font_container=\u00bbtag:h2|font_size:16|text_align:left\u00bb use_theme_fonts=\u00bbyes\u00bb el_class=\u00bbsemibold\u00bb][vc_column_text]- El insumo m\u00e1s utilizado por est\u00e9tica, econom\u00eda y f\u00e1cil colocaci\u00f3n. Permite girar la encuadernaci\u00f3n 360\u00b0 y retirar o sumar f\u00e1cilmente las hojas. Encuaderna de dos a 90 hojas f\u00e1cilmente.<\/p>\n<h3>ESPIRALES 12MM PVC \u2013 Ideal para Encuadernaci\u00f3n<\/h3>\n<hr \/>\n<ul>\n<li style=\"list-style-type: none;\">\n<ul>\n<li>ESPIRALES 12MM PVC Transparente<\/li>\n<li>PACK X 50 UNIDADES<\/li>\n<li>ESPIRALES DE PVC BRILLANTE 100% V\u00cdRGEN<\/li>\n<li>LONGITUD: OFICIO LARGO 38 CM<\/li>\n<li>PARA ENCUADERNAR HASTA 90 HOJAS<br \/>\n<section class=\"ui-view-more vip-section-specs main-section\">\n<div class=\"specs-wrapper\"><\/div>\n<\/section>\n<section class=\"main-section item-description \"><\/section>\n<\/li>\n<\/ul>\n<\/li>\n<\/ul>\n<p>[\/vc_column_text][vc_empty_space height=\u00bb10\u2033][\/vc_column][\/vc_row][vc_row css=\u00bb.vc_custom_1513651159719{margin-top: 20px !important;margin-bottom: 20px !important;}\u00bb][vc_column][vc_column_text]<\/p>\n<hr \/>\n<p><strong><a href=\"https:\/\/www.komsa.com.ar\/\">KOMSA<\/a>\u00a0<\/strong><\/p>\n<hr \/>\n<p>Somos los \u00fanicos Distribuidores Oficiales de la marca <a href=\"https:\/\/www.ricoh-americalatina.com\/es-ar\/productos\" rel=\"noopener\">RICOH<\/a> y EPSON B2B en el NEA con m\u00e1s de 25 a\u00f1os de permanencia en el mercado. Contamos con stock de insumos y repuestos originales. Lo invitamos a visitar nuestro amplio showroom con todos los equipos publicados exhibidos. Nuestro personal t\u00e9cnico, altamente capacitado le brindar\u00e1 el mejor servicio post venta.[\/vc_column_text][\/vc_column][\/vc_row]<\/p>\n<\/div>","protected":false},"excerpt":{"rendered":"<ul>\n<li class=\"normal-text02 art-det-caract\"><strong><label>Tama\u00f1o: <\/label><\/strong><span id=\"datoProducto01\" class=\"normal-text\">12mm PVC<\/span><\/li>\n<li><strong>Capacidad:<\/strong> 90 hojas<\/li>\n<li class=\"normal-text02 art-det-caract\"><label><strong>Presentaci\u00f3n<\/strong>: <\/label><span id=\"datoProducto01\" class=\"normal-text\">PAQ. x 50<\/span><\/li>\n<li class=\"normal-text02 art-det-caract\"><label><strong>Color:<\/strong> Transparente<\/label><\/li>\n<li class=\"normal-text02 art-det-caract\"><strong>Tama\u00f1o m\u00e1ximo del papel:\u00a0<\/strong>Oficio<br \/>\n<section class=\"ui-view-more vip-section-specs main-section\">\n<div class=\"specs-wrapper\"><\/div>\n<\/section>\n<\/li>\n<\/ul>\n","protected":false},"featured_media":3888,"comment_status":"open","ping_status":"closed","template":"","meta":{"_joinchat":[]},"product_cat":[220],"product_tag":[239,240,241,243,242],"class_list":{"0":"post-3004","1":"product","2":"type-product","3":"status-publish","4":"has-post-thumbnail","6":"product_brand-dasa","7":"product_cat-espirales","8":"product_tag-encuadernadora","9":"product_tag-encuadernadora-espiral","10":"product_tag-espirales","11":"product_tag-espirales-para-encuadernadora","12":"product_tag-espirales-pvc","14":"first","15":"instock","16":"shipping-taxable","17":"purchasable","18":"product-type-simple","19":"col-xs-6 col-sm-4","20":"col-md-3 col-lg-3","21":"un-4-cols"},"_links":{"self":[{"href":"https:\/\/komsa.com.ar\/tienda\/wp-json\/wp\/v2\/product\/3004","targetHints":{"allow":["GET"]}}],"collection":[{"href":"https:\/\/komsa.com.ar\/tienda\/wp-json\/wp\/v2\/product"}],"about":[{"href":"https:\/\/komsa.com.ar\/tienda\/wp-json\/wp\/v2\/types\/product"}],"replies":[{"embeddable":true,"href":"https:\/\/komsa.com.ar\/tienda\/wp-json\/wp\/v2\/comments?post=3004"}],"wp:featuredmedia":[{"embeddable":true,"href":"https:\/\/komsa.com.ar\/tienda\/wp-json\/wp\/v2\/media\/3888"}],"wp:attachment":[{"href":"https:\/\/komsa.com.ar\/tienda\/wp-json\/wp\/v2\/media?parent=3004"}],"wp:term":[{"taxonomy":"product_cat","embeddable":true,"href":"https:\/\/komsa.com.ar\/tienda\/wp-json\/wp\/v2\/product_cat?post=3004"},{"taxonomy":"product_tag","embeddable":true,"href":"https:\/\/komsa.com.ar\/tienda\/wp-json\/wp\/v2\/product_tag?post=3004"}],"curies":[{"name":"wp","href":"https:\/\/api.w.org\/{rel}","templated":true}]}}